{"id":17,"date":"2026-03-11T16:55:31","date_gmt":"2026-03-11T16:55:31","guid":{"rendered":"https:\/\/pixelcampus.es\/mireya\/index.php\/services\/"},"modified":"2026-03-11T16:56:19","modified_gmt":"2026-03-11T16:56:19","slug":"services","status":"publish","type":"page","link":"https:\/\/pixelblackcursos.es\/mireya\/services\/","title":{"rendered":"Services"},"content":{"rendered":"\n<div class=\"wp-block-uagb-container uagb-block-e5972208 alignfull uagb-is-root-container\"><div class=\"uagb-container-inner-blocks-wrap\">\n<div class=\"wp-block-uagb-advanced-heading uagb-block-b371cc12\"><p class=\"uagb-desc-text\">Nuestros Servicios<\/p><h1 class=\"uagb-heading-text\">Joyas \u00fanicas para un estilo aut\u00e9ntico<\/h1><\/div>\n<\/div><\/div>\n\n\n\n<div class=\"wp-block-uagb-container uagb-block-edca4a69 alignfull uagb-is-root-container\"><div class=\"uagb-container-inner-blocks-wrap\">\n<div class=\"wp-block-uagb-container uagb-layout-grid uagb-block-53eeea40\">\n<div class=\"wp-block-uagb-container uagb-block-66ce8d2d\">\n<div class=\"wp-block-uagb-info-box uagb-block-68e6db93 uagb-infobox__content-wrap  uagb-infobox-icon-above-title uagb-infobox-image-valign-top\"><div class=\"uagb-ifb-content\"><div class=\"uagb-ifb-title-wrap\"><span class=\"uagb-ifb-title-prefix\">01.<\/span><h2 class=\"uagb-ifb-title\">Dise\u00f1o Personalizado<\/h2><\/div><p class=\"uagb-ifb-desc\">En Bejewell, ofrecemos un servicio de dise\u00f1o personalizado, donde transformamos tus ideas en joyas \u00fanicas. Nuestro equipo de dise\u00f1adores trabaja contigo para crear piezas que reflejen tu individualidad y estilo, asegurando que cada detalle sea exactamente como lo imaginas.<\/p><\/div><\/div>\n<\/div>\n\n\n\n<div class=\"wp-block-uagb-image uagb-block-185affb3 wp-block-uagb-image--layout-default wp-block-uagb-image--effect-static wp-block-uagb-image--align-none\"><figure class=\"wp-block-uagb-image__figure\"><img loading=\"lazy\" decoding=\"async\" srcset=\"https:\/\/pixelcampus.es\/mireya\/wp-content\/uploads\/2026\/03\/f3dafb1a05dda4b828f5f5cef7d0e266.jpg ,https:\/\/pixelcampus.es\/mireya\/wp-content\/uploads\/2026\/03\/f3dafb1a05dda4b828f5f5cef7d0e266.jpg 780w, https:\/\/pixelcampus.es\/mireya\/wp-content\/uploads\/2026\/03\/f3dafb1a05dda4b828f5f5cef7d0e266.jpg 360w\" sizes=\"auto, (max-width: 480px) 150px\" src=\"https:\/\/pixelcampus.es\/mireya\/wp-content\/uploads\/2026\/03\/f3dafb1a05dda4b828f5f5cef7d0e266.jpg\" alt=\"f3dafb1a05dda4b828f5f5cef7d0e266\" class=\"uag-image-55\" width=\"600\" height=\"400\" title=\"services-01\" loading=\"lazy\" role=\"img\"\/><\/figure><\/div>\n<\/div>\n\n\n\n<div class=\"wp-block-uagb-container uagb-layout-grid uagb-block-b255260d\">\n<div class=\"wp-block-uagb-image uagb-block-b86a27d4 wp-block-uagb-image--layout-default wp-block-uagb-image--effect-static wp-block-uagb-image--align-none\"><figure class=\"wp-block-uagb-image__figure\"><img loading=\"lazy\" decoding=\"async\" srcset=\"https:\/\/pixelcampus.es\/mireya\/wp-content\/uploads\/2026\/03\/17ac1a3d2438095faf61c0d4bafa83bf.jpg ,https:\/\/pixelcampus.es\/mireya\/wp-content\/uploads\/2026\/03\/17ac1a3d2438095faf61c0d4bafa83bf.jpg 780w, https:\/\/pixelcampus.es\/mireya\/wp-content\/uploads\/2026\/03\/17ac1a3d2438095faf61c0d4bafa83bf.jpg 360w\" sizes=\"auto, (max-width: 480px) 150px\" src=\"https:\/\/pixelcampus.es\/mireya\/wp-content\/uploads\/2026\/03\/17ac1a3d2438095faf61c0d4bafa83bf.jpg\" alt=\"17ac1a3d2438095faf61c0d4bafa83bf\" class=\"uag-image-56\" width=\"600\" height=\"400\" title=\"services-02\" loading=\"lazy\" role=\"img\"\/><\/figure><\/div>\n\n\n\n<div class=\"wp-block-uagb-container uagb-block-06f958a5\">\n<div class=\"wp-block-uagb-info-box uagb-block-eda0d834 uagb-infobox__content-wrap  uagb-infobox-icon-above-title uagb-infobox-image-valign-top\"><div class=\"uagb-ifb-content\"><div class=\"uagb-ifb-title-wrap\"><span class=\"uagb-ifb-title-prefix\">02.<\/span><h2 class=\"uagb-ifb-title\">Colecciones Exclusivas<\/h2><\/div><p class=\"uagb-ifb-desc\">Nuestras colecciones exclusivas est\u00e1n dise\u00f1adas para quienes buscan singularidad y encanto. Cada pieza es limitada y elaborada con materiales de alta calidad, garantizando que lleves algo verdaderamente especial. En Bejewell, cada colecci\u00f3n cuenta una historia y te permite destacarte con estilo.<\/p><\/div><\/div>\n<\/div>\n<\/div>\n\n\n\n<div class=\"wp-block-uagb-container uagb-layout-grid uagb-block-13bfb87f\">\n<div class=\"wp-block-uagb-container uagb-block-698e6038\">\n<div class=\"wp-block-uagb-info-box uagb-block-54640af0 uagb-infobox__content-wrap  uagb-infobox-icon-above-title uagb-infobox-image-valign-top\"><div class=\"uagb-ifb-content\"><div class=\"uagb-ifb-title-wrap\"><span class=\"uagb-ifb-title-prefix\">03.<\/span><h2 class=\"uagb-ifb-title\">Taller de Reparaci\u00f3n<\/h2><\/div><p class=\"uagb-ifb-desc\">Nuestro taller de reparaci\u00f3n est\u00e1 aqu\u00ed para devolver la vida a tus joyas favoritas. Desde pulseras desgastadas hasta collares da\u00f1ados, nuestro equipo experto utiliza t\u00e9cnicas de alta calidad para restaurar cada pieza a su estado original o incluso mejor. La satisfacci\u00f3n garantizada es nuestra prioridad.<\/p><\/div><\/div>\n<\/div>\n\n\n\n<div class=\"wp-block-uagb-image uagb-block-945a1bf4 wp-block-uagb-image--layout-default wp-block-uagb-image--effect-static wp-block-uagb-image--align-none\"><figure class=\"wp-block-uagb-image__figure\"><img loading=\"lazy\" decoding=\"async\" srcset=\"https:\/\/pixelcampus.es\/mireya\/wp-content\/uploads\/2026\/03\/1e3b1ee2612c50e5d6733abfe8885817.jpg ,https:\/\/pixelcampus.es\/mireya\/wp-content\/uploads\/2026\/03\/1e3b1ee2612c50e5d6733abfe8885817.jpg 780w, https:\/\/pixelcampus.es\/mireya\/wp-content\/uploads\/2026\/03\/1e3b1ee2612c50e5d6733abfe8885817.jpg 360w\" sizes=\"auto, (max-width: 480px) 150px\" src=\"https:\/\/pixelcampus.es\/mireya\/wp-content\/uploads\/2026\/03\/1e3b1ee2612c50e5d6733abfe8885817.jpg\" alt=\"1e3b1ee2612c50e5d6733abfe8885817\" class=\"uag-image-57\" width=\"600\" height=\"400\" title=\"services-03\" loading=\"lazy\" role=\"img\"\/><\/figure><\/div>\n<\/div>\n\n\n\n<div class=\"wp-block-uagb-container uagb-layout-grid uagb-block-98083caf\">\n<div class=\"wp-block-uagb-image uagb-block-8b2a76cc wp-block-uagb-image--layout-default wp-block-uagb-image--effect-static wp-block-uagb-image--align-none\"><figure class=\"wp-block-uagb-image__figure\"><img loading=\"lazy\" decoding=\"async\" srcset=\"https:\/\/pixelcampus.es\/mireya\/wp-content\/uploads\/2026\/03\/3c4e90e3990fbca0fee441409a09c4ab.jpg ,https:\/\/pixelcampus.es\/mireya\/wp-content\/uploads\/2026\/03\/3c4e90e3990fbca0fee441409a09c4ab.jpg 780w, https:\/\/pixelcampus.es\/mireya\/wp-content\/uploads\/2026\/03\/3c4e90e3990fbca0fee441409a09c4ab.jpg 360w\" sizes=\"auto, (max-width: 480px) 150px\" src=\"https:\/\/pixelcampus.es\/mireya\/wp-content\/uploads\/2026\/03\/3c4e90e3990fbca0fee441409a09c4ab.jpg\" alt=\"3c4e90e3990fbca0fee441409a09c4ab\" class=\"uag-image-54\" width=\"600\" height=\"400\" title=\"services-04\" loading=\"lazy\" role=\"img\"\/><\/figure><\/div>\n\n\n\n<div class=\"wp-block-uagb-container uagb-block-9627d3ce\">\n<div class=\"wp-block-uagb-info-box uagb-block-d2e51d04 uagb-infobox__content-wrap  uagb-infobox-icon-above-title uagb-infobox-image-valign-top\"><div class=\"uagb-ifb-content\"><div class=\"uagb-ifb-title-wrap\"><span class=\"uagb-ifb-title-prefix\">04.<\/span><h2 class=\"uagb-ifb-title\">Asesor\u00eda en Estilo<\/h2><\/div><p class=\"uagb-ifb-desc\">Nuestro servicio de asesor\u00eda en estilo te ayuda a elegir las joyas perfectas para cualquier ocasi\u00f3n. Contamos con expertos que te guiar\u00e1n para combinar piezas y realzar tu look, asegurando que siempre brilles con confianza y autenticidad. Ven y descubre tu estilo personal.<\/p><\/div><\/div>\n<\/div>\n<\/div>\n<\/div><\/div>\n\n\n\n<div class=\"wp-block-uagb-container uagb-block-353480fd alignfull uagb-is-root-container\"><div class=\"uagb-container-inner-blocks-wrap\">\n<div class=\"wp-block-uagb-info-box uagb-block-289af9f9 uagb-infobox__content-wrap  uagb-infobox-icon-above-title uagb-infobox-image-valign-top\"><div class=\"uagb-ifb-content\"><div class=\"uagb-ifb-title-wrap\"><h2 class=\"uagb-ifb-title\">\u00danete a nuestra comunidad de joyer\u00eda hoy mismo<\/h2><\/div><p class=\"uagb-ifb-desc\">\u00danete a nuestra comunidad de joyer\u00eda hoy mismo<\/p><div class=\"uagb-ifb-button-wrapper wp-block-button\"><a href=\"\/contact\/\" class=\"uagb-infobox-cta-link wp-block-button__link\" target=\"_self\" rel=\"noopener noreferrer\" onclick=\"return true;\" alt=\"\"><span class=\"uagb-inline-editing\">Compra ahora<\/span><\/a><\/div><\/div><\/div>\n<\/div><\/div>\n","protected":false},"excerpt":{"rendered":"<p>Nuestros Servicios Joyas \u00fanicas para un estilo aut\u00e9ntico<\/p>\n","protected":false},"author":1,"featured_media":0,"parent":0,"menu_order":0,"comment_status":"closed","ping_status":"closed","template":"","meta":{"_uag_custom_page_level_css":"","site-sidebar-layout":"default","site-content-layout":"","ast-site-content-layout":"default","site-content-style":"default","site-sidebar-style":"default","ast-global-header-display":"","ast-banner-title-visibility":"","ast-main-header-display":"","ast-hfb-above-header-display":"","ast-hfb-below-header-display":"","ast-hfb-mobile-header-display":"","site-post-title":"disabled","ast-breadcrumbs-content":"","ast-featured-img":"","footer-sml-layout":"","ast-disable-related-posts":"","theme-transparent-header-meta":"","adv-header-id-meta":"","stick-header-meta":"","header-above-stick-meta":"","header-main-stick-meta":"","header-below-stick-meta":"","astra-migrate-meta-layouts":"default","ast-page-background-enabled":"default","ast-page-background-meta":{"desktop":{"background-color":"var(--ast-global-color-4)","background-image":"","background-repeat":"repeat","background-position":"center center","background-size":"auto","background-attachment":"scroll","background-type":"","background-media":"","overlay-type":"","overlay-color":"","overlay-opacity":"","overlay-gradient":""},"tablet":{"background-color":"","background-image":"","background-repeat":"repeat","background-position":"center center","background-size":"auto","background-attachment":"scroll","background-type":"","background-media":"","overlay-type":"","overlay-color":"","overlay-opacity":"","overlay-gradient":""},"mobile":{"background-color":"","background-image":"","background-repeat":"repeat","background-position":"center center","background-size":"auto","background-attachment":"scroll","background-type":"","background-media":"","overlay-type":"","overlay-color":"","overlay-opacity":"","overlay-gradient":""}},"ast-content-background-meta":{"desktop":{"background-color":"var(--ast-global-color-5)","background-image":"","background-repeat":"repeat","background-position":"center center","background-size":"auto","background-attachment":"scroll","background-type":"","background-media":"","overlay-type":"","overlay-color":"","overlay-opacity":"","overlay-gradient":""},"tablet":{"background-color":"var(--ast-global-color-5)","background-image":"","background-repeat":"repeat","background-position":"center center","background-size":"auto","background-attachment":"scroll","background-type":"","background-media":"","overlay-type":"","overlay-color":"","overlay-opacity":"","overlay-gradient":""},"mobile":{"background-color":"var(--ast-global-color-5)","background-image":"","background-repeat":"repeat","background-position":"center center","background-size":"auto","background-attachment":"scroll","background-type":"","background-media":"","overlay-type":"","overlay-color":"","overlay-opacity":"","overlay-gradient":""}},"footnotes":""},"class_list":["post-17","page","type-page","status-publish","hentry"],"uagb_featured_image_src":{"full":false,"thumbnail":false,"medium":false,"medium_large":false,"large":false,"1536x1536":false,"2048x2048":false,"woocommerce_thumbnail":false,"woocommerce_single":false,"woocommerce_gallery_thumbnail":false},"uagb_author_info":{"display_name":"admin","author_link":"https:\/\/pixelblackcursos.es\/mireya\/author\/admin\/"},"uagb_comment_info":0,"uagb_excerpt":"Nuestros Servicios Joyas \u00fanicas para un estilo aut\u00e9ntico","_links":{"self":[{"href":"https:\/\/pixelblackcursos.es\/mireya\/wp-json\/wp\/v2\/pages\/17","targetHints":{"allow":["GET"]}}],"collection":[{"href":"https:\/\/pixelblackcursos.es\/mireya\/wp-json\/wp\/v2\/pages"}],"about":[{"href":"https:\/\/pixelblackcursos.es\/mireya\/wp-json\/wp\/v2\/types\/page"}],"author":[{"embeddable":true,"href":"https:\/\/pixelblackcursos.es\/mireya\/wp-json\/wp\/v2\/users\/1"}],"replies":[{"embeddable":true,"href":"https:\/\/pixelblackcursos.es\/mireya\/wp-json\/wp\/v2\/comments?post=17"}],"version-history":[{"count":3,"href":"https:\/\/pixelblackcursos.es\/mireya\/wp-json\/wp\/v2\/pages\/17\/revisions"}],"predecessor-version":[{"id":309,"href":"https:\/\/pixelblackcursos.es\/mireya\/wp-json\/wp\/v2\/pages\/17\/revisions\/309"}],"wp:attachment":[{"href":"https:\/\/pixelblackcursos.es\/mireya\/wp-json\/wp\/v2\/media?parent=17"}],"curies":[{"name":"wp","href":"https:\/\/api.w.org\/{rel}","templated":true}]}}